{"id":2,"date":"2021-05-05T16:28:33","date_gmt":"2021-05-05T14:28:33","guid":{"rendered":"http:\/\/belleenphoto.fr\/?page_id=2"},"modified":"2021-05-16T16:26:18","modified_gmt":"2021-05-16T14:26:18","slug":"a-propos","status":"publish","type":"page","link":"https:\/\/www.belleenphoto.fr\/index.php\/a-propos\/","title":{"rendered":"A propos"},"content":{"rendered":"\n<div class=\"wp-block-image\"><figure class=\"aligncenter size-large\"><img loading=\"lazy\" decoding=\"async\" width=\"300\" height=\"300\" src=\"http:\/\/belleenphoto.fr\/wp-content\/uploads\/2021\/05\/avatar.jpg\" alt=\"\" class=\"wp-image-298\" srcset=\"https:\/\/www.belleenphoto.fr\/wp-content\/uploads\/2021\/05\/avatar.jpg 300w, https:\/\/www.belleenphoto.fr\/wp-content\/uploads\/2021\/05\/avatar-150x150.jpg 150w, https:\/\/www.belleenphoto.fr\/wp-content\/uploads\/2021\/05\/avatar-60x60.jpg 60w\" sizes=\"auto, (max-width: 300px) 100vw, 300px\" \/><\/figure><\/div>\n\n\n\n<p class=\"has-drop-cap\">Passionn\u00e9 d&#8217;images et de photographies, j&#8217;ai d\u00e9velopp\u00e9 ce concept afin de partager cette passion avec le plus grand nombre, immortaliser vos petites t\u00eates blondes dans un cadre agr\u00e9able et d\u00e9tendu.<br>Equip\u00e9 d&#8217;un mat\u00e9riel professionnel, reflex NIKON, iMac 27&#8243; derni\u00e8re g\u00e9n\u00e9ration, toutes les conditions seront r\u00e9unies pour vous garantir un r\u00e9sultat de haute qualit\u00e9.<\/p>\n\n\n\n<p><\/p>\n\n\n\n<div class=\"wp-block-image\"><figure class=\"aligncenter size-large is-resized\"><img loading=\"lazy\" decoding=\"async\" src=\"http:\/\/belleenphoto.fr\/wp-content\/uploads\/2021\/05\/logo-art-graphic.png\" alt=\"\" class=\"wp-image-291\" width=\"297\" height=\"339\" srcset=\"https:\/\/www.belleenphoto.fr\/wp-content\/uploads\/2021\/05\/logo-art-graphic.png 532w, https:\/\/www.belleenphoto.fr\/wp-content\/uploads\/2021\/05\/logo-art-graphic-263x300.png 263w, https:\/\/www.belleenphoto.fr\/wp-content\/uploads\/2021\/05\/logo-art-graphic-53x60.png 53w\" sizes=\"auto, (max-width: 297px) 100vw, 297px\" \/><\/figure><\/div>\n\n\n\n<p>&#8220;Belle en photo&#8221; est une annexe de mon entreprise &#8220;<a rel=\"noreferrer noopener\" href=\"https:\/\/www.art-graphic.com\" target=\"_blank\">Art-Graphic Design<\/a>&#8220;, cr\u00e9e en 2003 dans le domaine de l&#8217;infographie et des sites internet&#8230; Identit\u00e9 visuelle &#8211; retouche photos &#8211; logo &#8211; charte graphique &#8211; carte de visite &#8211; ent\u00eate &#8211; affiche &#8211; flyer &#8211; sites web &#8211; &nbsp;impression tous supports<\/p>\n\n\n\n<p>Plus de pr\u00e9cisions sur&nbsp;<a rel=\"noreferrer noopener\" href=\"http:\/\/www.art-graphic.com\/\" target=\"_blank\">www.art-graphic.com<\/a>&nbsp;ou sur la page&nbsp;<a rel=\"noreferrer noopener\" href=\"https:\/\/www.facebook.com\/artgraphic54\" target=\"_blank\">Facebook<\/a>.<\/p>\n\n\n\n<p>Le concept de Belle en Photo : vous cherchez un photographe pour un \u00e9v\u00e8nement sp\u00e9cial ? Ou tout simplement immortaliser un instant de votre famille ou vos enfants ? Vous \u00eates \u00e0 la bonne adresse. Il ne reste plus qu&#8217;\u00e0 en discuter, prendre rendez-vous et d\u00e9finir vos id\u00e9es \ud83d\ude42<\/p>\n\n\n\n<p><br>Situ\u00e9 \u00e0 Rosi\u00e8res aux Salines (54), je peux vous accueillir au studio photo, ou me d\u00e9placer avec du mat\u00e9riel chez vous, ou dans un lieu de votre choix.<\/p>\n\n\n\n<div class=\"wp-block-buttons is-content-justification-center is-layout-flex wp-block-buttons-is-layout-flex\">\n<div class=\"wp-block-button is-style-fill\" id=\"http:\/\/belleenphoto.fr\/\"><a class=\"wp-block-button__link has-white-color has-text-color has-background\" href=\"http:\/\/belleenphoto.fr\/index.php\/contact\/\" style=\"border-radius:17px;background:linear-gradient(135deg,rgb(4,112,175) 0%,rgb(240,2,121) 100%)\">Contactez moi <\/a><\/div>\n<\/div>\n\n\n\n<p><\/p>\n\n\n\n<p><\/p>\n","protected":false},"excerpt":{"rendered":"<p>Passionn\u00e9 d&#8217;images et de photographies, j&#8217;ai d\u00e9velopp\u00e9 ce concept afin de partager cette passion avec le plus grand nombre, immortaliser vos petites t\u00eates blondes dans un cadre agr\u00e9able et d\u00e9tendu.Equip\u00e9 d&#8217;un mat\u00e9riel professionnel, reflex NIKON, iMac 27&#8243; derni\u00e8re g\u00e9n\u00e9ration, toutes les conditions seront r\u00e9unies pour vous garantir un r\u00e9sultat de haute qualit\u00e9. &#8220;Belle en photo&#8221; &hellip; <\/p>\n","protected":false},"author":1,"featured_media":15,"parent":0,"menu_order":0,"comment_status":"closed","ping_status":"closed","template":"","meta":{"footnotes":""},"class_list":["post-2","page","type-page","status-publish","has-post-thumbnail","hentry","latest_post"],"_links":{"self":[{"href":"https:\/\/www.belleenphoto.fr\/index.php\/wp-json\/wp\/v2\/pages\/2","targetHints":{"allow":["GET"]}}],"collection":[{"href":"https:\/\/www.belleenphoto.fr\/index.php\/wp-json\/wp\/v2\/pages"}],"about":[{"href":"https:\/\/www.belleenphoto.fr\/index.php\/wp-json\/wp\/v2\/types\/page"}],"author":[{"embeddable":true,"href":"https:\/\/www.belleenphoto.fr\/index.php\/wp-json\/wp\/v2\/users\/1"}],"replies":[{"embeddable":true,"href":"https:\/\/www.belleenphoto.fr\/index.php\/wp-json\/wp\/v2\/comments?post=2"}],"version-history":[{"count":9,"href":"https:\/\/www.belleenphoto.fr\/index.php\/wp-json\/wp\/v2\/pages\/2\/revisions"}],"predecessor-version":[{"id":343,"href":"https:\/\/www.belleenphoto.fr\/index.php\/wp-json\/wp\/v2\/pages\/2\/revisions\/343"}],"wp:featuredmedia":[{"embeddable":true,"href":"https:\/\/www.belleenphoto.fr\/index.php\/wp-json\/wp\/v2\/media\/15"}],"wp:attachment":[{"href":"https:\/\/www.belleenphoto.fr\/index.php\/wp-json\/wp\/v2\/media?parent=2"}],"curies":[{"name":"wp","href":"https:\/\/api.w.org\/{rel}","templated":true}]}}